0. What is the highest common factor of m and 110?
10
Let v = 215 + -205. Calculate the highest common factor of 230 and v.
10
Let p = -18 + 11. Suppose -22 = -5*v + 3*v. Let m = v + p. Calculate the greatest common factor of m and 4.
4
Let p(z) = -z**2 + 5*z - 4. Let t be p(4). Suppose b - 2 = -t*b. Suppose -c + 118 = -2*u, -2*u + 542 = 3*c + b*c. What is the highest common factor of c and 11?
11
Suppose -4*t - 40 = -9*t. Let u be 274/3 - (-8)/12. Suppose -4*b + 5*b - 221 = -3*n, -4*b + u = n. What is the greatest common factor of n and t?
8
Let p = 68 + -59. Calculate the greatest common factor of 81 and p.
9
Let c(n) = -n**3 - 8*n**2 + n + 10. Let t be c(-8). What is the highest common factor of t and 14?
2
Suppose 0*y = 2*y - 5*z - 31, 0 = -5*z - 15. Suppose 5*w = -3*f + 23, 3*w - y + 29 = 4*f. Calculate the greatest common divisor of f and 54.
6
Let z(f) = -f**3 - f**2 - f + 14. Let w be z(0). Calculate the greatest common factor of 126 and w.
14
Let g be 587/4 + 3/12. Suppose 0*j - j = 0. Suppose -r + 3*c = -0*r - 9, j = -2*r + c + 38. What is the greatest common divisor of g and r?
21
Let y be -4*((-1 - -3) + -3). Calculate the greatest common factor of y and 8.
4
Suppose 5*c - 119 = -3*b, 0 = -b + 1 + 2. What is the highest common divisor of c and 2?
2
Suppose 5*n = 7*n - 108. Let f be -2 + (-1)/(-2)*4. Let c be -12*(9/(-6) + f). What is the highest common divisor of n and c?
18
Let y be 33 + -1 - (-1 + 3). Let x(a) = a**3 + 7*a**2 + a + 9. Let n be x(-7). Suppose n*p = -p + y. Calculate the greatest common factor of p and 5.
5
Suppose -p + 13 = -3. Suppose 9*r - 4*r = -5*z - 25, -2*z = 3*r + 11. Let y be (49 + r)*10/6. What is the greatest common factor of p and y?
16
Suppose -5*g + s - 2 = -20, g = 4*s - 4. Suppose 2 = -4*z + 5*z. What is the highest common factor of g and z?
2
Suppose 1 = -0*r - 4*r + 5*k, -k + 17 = -5*r. Let y(g) = 2*g**2 + 5*g - 4. Let v be y(r). Let a = 14 + -2. Calculate the highest common factor of v and a.
4
Let x = -10 + 23. Let d be 1/((-3)/(-39))*1. Calculate the greatest common factor of d and x.
13
Suppose 0 = -5*s - 374 + 1019. Suppose y - 3*i - 71 = 0, -s = -5*y + 2*i + 174. Let b = -9 + y. Calculate the greatest common divisor of 5 and b.
5
Let g(t) = t**2 + t - 2. Let w be g(7). What is the greatest common factor of 135 and w?
27
Let j = -1 - -37. Let v(u) = u**3 - 7*u**2 - 4*u - 8. Let p be v(8). What is the greatest common factor of p and j?
12
Let k = -130 + 133. What is the greatest common factor of 3 and k?
3
Let t(d) = d**3 + 2*d**2 - 3*d + 4. Let h be t(3). Let s = -2 + -8. Let f = h - s. What is the highest common factor of 20 and f?
10
Let j = 152 - 62. What is the highest common factor of j and 45?
45
Suppose -16*o + 22*o = 96. What is the greatest common factor of o and 128?
16
Let q be (3 - 2 - 0)*10. What is the greatest common factor of q and 5?
5
Let h(o) = -o + 24. Let u be h(10). Calculate the greatest common divisor of u and 14.
14
Suppose n + 3 - 36 = 0. Let s = 31 - 9. What is the greatest common factor of s and n?
11
Let c(k) = -13*k - 37. Let u be c(-4). What is the greatest common divisor of 165 and u?
15
Let g be 24 - ((-10)/(-15) - (-20)/6). Calculate the highest common divisor of g and 180.
20
Let n(q) = 5*q**2 - 14*q + 40. Let y be n(5). Calculate the highest common divisor of y and 19.
19
Let v(l) = l**3 - 10*l**2 - 23*l + 4. Let m be v(12). Calculate the greatest common divisor of 64 and m.
16
Suppose 0 = -5*a + 2*w + 110, -4*a + 83 + 2 = -w. Let d be -3*4/24*4. Let j be (-164)/(-16) + d/8. What is the greatest common divisor of j and a?
10
Let q = 67 + -21. What is the greatest common factor of q and 115?
23
Suppose -2*o - 38 = -3*o. What is the greatest common divisor of 57 and o?
19
Suppose 0 = 2*p - 2*c - 4, -2*p + 0*c + 4 = c. Let q = 1 + -1. Suppose q = 2*k + p*k - 8, 5*v + 2*k = 254. Calculate the greatest common factor of v and 20.
10
Let p = 264 - 88. What is the highest common divisor of p and 22?
22
Suppose 0 = 5*s - 30. What is the greatest common divisor of s and 24?
6
Suppose 7*m - 505 + 29 = 0. Calculate the highest common factor of 17 and m.
17
Suppose -50 + 20 = -3*c. Calculate the greatest common factor of 25 and c.
5
Suppose -4*g = -z - 43, 0*z = g - 3*z + 3. Calculate the highest common factor of 60 and g.
12
Suppose 3*t - 52 = -4. Let s(y) = 35*y + 4. Let j be s(4). Calculate the highest common divisor of t and j.
16
Let k = -8 + 33. Calculate the greatest common factor of k and 5.
5
Suppose -5*x = 2*u + 3*u - 145, 5*u + 4*x = 142. Suppose -444 = -5*j + j. Let n = -72 + j. What is the highest common factor of u and n?
13
Let s = -32 + 107. What is the highest common divisor of s and 25?
25
Let v(l) = 2*l**2 + 11*l + 23. Let u be v(-6). What is the highest common divisor of u and 29?
29
Let v = -4 - -10. Calculate the highest common factor of v and 9.
3
Suppose 2*l = 4*c + 92, 7*l - 2*l - 3*c = 251. Calculate the highest common factor of 78 and l.
26
Suppose 3*q + 210 = 3*c, 0*q = -3*q - 15. Calculate the highest common factor of 13 and c.
13
Let f(r) = 3*r**3 - r**2. Let w be f(1). Suppose -2*x + 4 - 68 = 0. Let k be 18/(-8)*x/12. Calculate the highest common divisor of k and w.
2
Let m = -14 - -17. What is the greatest common factor of m and 27?
3
Let g be (-2)/5 - (-2)/5. Suppose g = -4*k + k + 210. Let l(p) = -p + 4. Let a be l(-6). What is the greatest common divisor of a and k?
10
Let y be ((-12)/(-30))/((-1)/(-70)). What is the greatest common divisor of 14 and y?
14
Let n(w) = w + 14. Let h = 3 - 1. Suppose h*b - 6*b - 32 = 0. Let a be n(b). Calculate the highest common factor of 66 and a.
6
Let k = -13 - -14. Suppose 3 = 2*y - k. What is the highest common divisor of 3 and y?
1
Suppose 16 = -6*c + 76. Suppose 5*j - 375 = -4*a, j = a - 49 - 38. What is the highest common divisor of a and c?
10
Suppose -40 = -4*z - 4*m, z - 2*m - m + 2 = 0. Suppose -3 - z = -5*x. Suppose 0 = x*t - 4*t + 30. What is the greatest common divisor of 135 and t?
15
Let o be ((-4)/3)/((-3)/27). Let i = 2 - -10. Calculate the greatest common factor of i and o.
12
Let a be 4/1 + (-2 - -97). Calculate the highest common factor of 9 and a.
9
Let l = 4 + 23. Suppose -p - 75 + l = -2*j, 2*j - 36 = 4*p. Let u = j - 18. What is the greatest common divisor of 4 and u?
4
Suppose 4*v - 4*c = -v + 304, -3*v = -4*c - 184. What is the greatest common divisor of v and 80?
20
Let s(t) = t - 3. Let a be s(2). Let l = a - -40. Suppose -4*w = 2*g - 25 - 71, 3*w + 5*g - 58 = 0. Calculate the greatest common factor of l and w.
13
Let j(l) = l + 2. Let m be j(-6). Let h be (-6)/(-12) - (-2)/m. Suppose -5*i + 27 = -2*b, h = 3*i - 5*b - 17 - 3. What is the highest common factor of i and 2?
1
Suppose 5*l - 122 = -3*x, x - 5*l = 6*x - 220. What is the highest common divisor of 7 and x?
7
Suppose 0 = 2*n - 2 - 8. Let c be (-21)/((-1323)/2556) - (-4)/(-7). What is the greatest common factor of c and n?
5
Let a = -217 + 434. What is the greatest common factor of 31 and a?
31
Suppose 20 + 4 = -2*s. Suppose 4*u - 2 = 2*u. Let d be -1*(u + s - 2). What is the highest common factor of d and 39?
13
Let y(a) = 91*a**2. Let k be y(-1). What is the highest common factor of k and 26?
13
Suppose 2*l + 104 = 4*p, -p - 2*l = -0*p - 21. Calculate the highest common divisor of p and 25.
25
Suppose -454 = -5*u + 416. Suppose -5*g = -524 + u. Calculate the highest common factor of g and 28.
14
Suppose 5*w = 2*m + 3, 2 - 4 = -4*m + 2*w. Let p be (-1)/(m/33)*-3. What is the highest common divisor of p and 9?
9
Let t = -18 + 51. Calculate the highest common factor of 11 and t.
11
Let r(d) be the third derivative of -d**4/8 - 5*d**3/6 + 4*d**2. Let p be r(-6). What is the highest common divisor of 65 and p?
13
Let y = 44 + -8. What is the highest common factor of 54 and y?
18
Let p be (-4 - -19)*(-108)/(-10). Let z be (-1)/(-1) - 34/(-2). What is the greatest common factor of p and z?
18
Let k be (-4 - 44/7)/(9/(-42)). Suppose -3*r + 3 = 3*z, -5*z - 2 = 3*r + 5. What is the greatest common factor of k and r?
6
Let d(f) be the second derivative of f**3/6 + f**2/2 - 3*f. Let i be d(7). What is the highest common factor of i and 2?
2
Let h = -22 + 48. What is the highest common factor of h and 52?
26
Let b(z) = -14*